s digit of h(16)?
5
Let n be ((-10)/2 - -2)/(-1). Let m be (-2)/3 + (-8)/(-3). Suppose -3*x = 5*q - 267, 82 = 2*q - n*x - m*x. What is the tens digit of q?
5
Suppose i + m - 31523 = 0, -11*i - 9*m = -16*i + 157727. What is the tens digit of i?
3
Suppose 2*w + 28 = -5*w. Let v be w/(-1) + 0 - -1. Suppose -4*p + 8*p - v*h = 512, -p + 128 = 5*h. What is the hundreds digit of p?
1
Suppose 3*h + 5*u = 5, -23 - 2 = -4*h - 3*u. Suppose -4*f = -2 - h. What is the hundreds digit of 1*(-1)/f + (-830)/(-6)?
1
Suppose -5*d + 14375 = 2*q, 5*d - 7426 - 6919 = 4*q. What is the hundreds digit of d?
8
Let x(c) = 662*c**2 + 86*c - 415. What is the thousands digit of x(5)?
6
Let f(x) be the second derivative of x**4/12 - x**3/2 - 6*x**2 - 2*x. Let g be ((-2)/6)/((-9)/(-189)). What is the units digit of f(g)?
8
What is the units digit of 1238 - ((-122)/18 + 20/(-90))?
5
Let r(m) = 8944*m - 2819. What is the hundreds digit of r(4)?
9
Let m = -31476 + 72426. What is the ten thousands digit of m?
4
Let d(s) = 10*s**3 + 8*s**2 - 17*s - 2. Let b be d(5). Suppose 13*g + b = 9046. What is the units digit of g?
1
Let g(u) = -u**2 - 12*u - 31. Let d be g(-5). Suppose m = -d, b = 4*m - 5*m + 144. Let z = b + -103. What is the tens digit of z?
4
Let c = -228 + 320. Let z = -90 + c. Suppose -402 = -z*d - j, 2*d + 4*j - 812 = -2*d. What is the tens digit of d?
9
Let n = 71 - 133. Let p = -60 - n. What is the tens digit of (14/(-3))/(p/(-39))?
9
Suppose 0 = q + 2*z - 7*z - 5, 0 = -2*z. Suppose -2*g - 3*g = q*a - 2555, 4*g = 4*a - 2060. What is the tens digit of a?
1
Let v(k) = 7*k**2 - 7*k - 20. Suppose 8*u + 23 - 119 = 0. What is the tens digit of v(u)?
0
Let x = 17281 - 3298. What is the thousands digit of x?
3
Let z(y) = 2*y**3 + 22*y**2 - y + 8. Let l = -40 + 37. Let i be (-4 - (l + -2)) + -12. What is the units digit of z(i)?
9
Suppose 4*x - 163048 + 57651 = 5*d, 4*x = 4*d + 105400. What is the ten thousands digit of x?
2
Let t = 130 - 219. Let x = 232 + t. What is the units digit of x?
3
Let k(h) = -783*h + 4. Let c(s) = -1565*s + 7. Let a(x) = -3*c(x) + 5*k(x). What is the tens digit of a(1)?
7
Suppose 10*x + x = -0*x. Suppose x = k + 3*m - 443, 5*m + 2 + 3 = 0. Let o = -158 + k. What is the units digit of o?
8
Suppose 10*x = 5*x + 10. Suppose -b + x = -25. Let q = -13 + b. What is the units digit of q?
4
Let m(j) = j**2 - 39*j. Let w be m(39). Suppose -20*d - 12*d + 6432 = w. What is the hundreds digit of d?
2
Suppose 12*h = 9*h + 6. Let r be ((-8)/20)/(h/(-10)). What is the tens digit of 18*1*(r - (-52)/12)?
1
Let g be 7 + -10 - -4*1. Let z = 4 + g. Suppose -z*t + 8*t = 90. What is the tens digit of t?
3
Let q = 758 - 753. Suppose -3410 = -5*m - q*i, 0*m = 5*m + 2*i - 3413. What is the units digit of m?
3
Let d(v) = 3832*v + 6726. What is the units digit of d(7)?
0
Let o be 1*((-6)/9 - -1)*0. Suppose o = 3*j + 76 + 266. Let h = j - -175. What is the units digit of h?
1
Suppose -12*q - 2*o + 147629 = -9*q, 2*q + 2*o - 98424 = 0. What is the hundreds digit of q?
2
Suppose -13*o + 18*o = 565. Let m = -8 + o. Suppose 0*g + 3*g = m. What is the units digit of g?
5
Suppose -3*u + 63 = 3*m - 126, u - 125 = -2*m. Suppose -5*w + 43 = y, 4*w = 7*y - 3*y - 220. Let z = m - y. What is the units digit of z?
9
Let m = -36636 - -53579. What is the thousands digit of m?
6
Let z = -68 + 71. Suppose -y = 2*y - 3*b + 204, 0 = -3*y - z*b - 180. Let p = y + 94. What is the units digit of p?
0
Suppose -2*w + 3*w = -42. Let l = 42 + w. Suppose l = -4*y + 20 - 12, 3*p - 106 = -2*y. What is the units digit of p?
4
Let j = -2249 + 2270. Let m(x) = x**2 - 4*x - 7. Let o be m(5). What is the tens digit of (j/(-9) - o) + (-1208)/(-6)?
0
Let i = 5556 + -2466. What is the thousands digit of i?
3
Suppose 0 = 155*t - 147*t - 16. Suppose -t*y - 498 + 834 = 0. What is the tens digit of y?
6
Let n = 40 + -37. Suppose -3*g - j + 1420 = n*j, 4*g = 5*j + 1883. Suppose 5*f - 487 = -3*h, 5*h - 2*h + 2*f - g = 0. What is the hundreds digit of h?
1
Let h = 1 + -55. Let r be h/((0 - 2)*1). Let x = 66 - r. What is the tens digit of x?
3
Let p(a) = 26 + 27 - 50*a - 9*a - 11. Let d be p(-7). Suppose d = 2*s + 3*s. What is the tens digit of s?
9
Suppose 2*g - 869 = -879. What is the hundreds digit of 45/g + 1535 + -2?
5
What is the hundreds digit of -17 - 47*(-382 - -14)?
2
Let j = -16 - -55. Suppose -2*n = -3*n + j. Let t = n + 46. What is the tens digit of t?
8
Suppose -24*v = -15*v + 36. Let c be -1 + v + 455 + -10. Suppose -3*k + k = 2*z - c, -4*k + 4*z + 872 = 0. What is the hundreds digit of k?
2
Let m = -240 + 163. Let q = 155 + m. What is the units digit of q?
8
Let g be 15 - (-4 - (-3 - 4)). Let x be 2*((-3)/4 - (-69)/g). What is the units digit of (-2 - -4*x)*3*1?
4
Suppose -5*l + 73 = 2*c + 2*c, 3*l = -c + 48. Suppose 7100 = -l*t + 27*t. What is the tens digit of t?
1
Let k be -5 - -6 - (-6 + 4 + -3). Suppose -2001 = k*f - 11955. What is the hundreds digit of f?
6
Let g = 13047 - -8475. What is the hundreds digit of g?
5
Let h(t) = -21*t + 88. Suppose l - s + 13 = 2, 0 = 2*l + s + 31. What is the hundreds digit of h(l)?
3
Let t be (62 + -109)*(1 + 0). What is the tens digit of (2*(-5)/6)/(t/21291)?
5
Let b = 45714 + -24947. What is the hundreds digit of b?
7
Let d be (8/2)/(-6 - -4). Let a = d - -9. What is the hundreds digit of 0 + 3*a*12/2?
1
Let u = 91131 + -49365. What is the hundreds digit of u?
7
Let i(p) = -3*p**2 + 3*p + 18. Let q be i(4). What is the units digit of (-12)/q*711 - 4?
0
Suppose -y - 2*y = -3*w - 136821, -2*y + w = -91218. Suppose y = 5*h + 12*h. Suppose 10*n - h = -453. What is the tens digit of n?
2
Suppose 2*c = 2*n + 1040, 5*c + 3*n - 1009 = 1591. Suppose 7*q - 2*i - c = 2*q, -418 = -4*q + 2*i. What is the units digit of q?
2
Suppose 5*m - 3*i - 6863 = 0, 3*m - 3*i = 8*m - 6887. What is the hundreds digit of m?
3
Suppose -208*g + 212*g + 5188 = 0. What is the hundreds digit of (10/(-3) + 2)*3 - g?
2
Let s(w) be the first derivative of -2*w**2 + 6*w + 12. Let a be s(-2). Suppose 4*o = 98 - a. What is the tens digit of o?
2
Let c = 22078 - 6584. What is the hundreds digit of c?
4
Let w = 16361 - 6133. What is the tens digit of w?
2
Suppose 3*g - 2*c = 10, 3*c - 2 = -4*g - 0*c. Suppose -g*w + 16 + 238 = 0. What is the tens digit of w?
2
Suppose 1392*z - 1391*z = 4280. What is the tens digit of z?
8
Let z = 39 + -28. Suppose -z*n = -16*n + 4765. What is the tens digit of n?
5
Suppose -155480 = 13*a - 33*a. What is the tens digit of a?
7
Suppose 0 = -274*b + 279*b - 300. Suppose b*a - 904 = 58*a. What is the units digit of a?
2
Let i = -137 + 139. Suppose 0 = i*z - 6*z. Suppose z = l + 4*l - 735. What is the units digit of l?
7
Let m(i) = -41*i - 93. Suppose -2*g - 4*s - 13 = 5, g - 2*s + 9 = 0. What is the tens digit of m(g)?
7
Suppose 4*t + 2*r - 48468 = 0, -4*r + 18396 = 2*t - 5844. What is the units digit of t?
6
Let h = -38 - -772. Suppose 2556 = 10*i - h. Suppose -4*z + i - 85 = 0. What is the tens digit of z?
6
Suppose 4 + 2 = 2*f, 0 = 3*x - 5*f - 19932. What is the thousands digit of x?
6
What is the hundreds digit of (423*(-13)/(-39))/((-3)/(-123))?
7
Let m be (-255)/(-25) + 2/(-10). Let g be 5/(m/6) + -1. Suppose -g*z - 74 = -4*z. What is the tens digit of z?
3
What is the ten thousands digit of 9 + 8*(-199147)/(-104)?
1
Let h = -30761 - -34931. What is the tens digit of h?
7
Let p(v) = 57*v - 4. Suppose 139*d - 140*d = -7. What is the hundreds digit of p(d)?
3
Let t = 30 + -26. Suppose -y - 2*u - 3 = -4*u, 5*u = t*y + 6. What is the units digit of (y - (4 - -1)) + 10?
6
Suppose 0 = -3*j + h - 1, -10 = -h + 3*h. What is the tens digit of j/(3/(-12) - (-39)/164)?
6
Let n(u) = -u**3 + 24*u**2 + 2*u + 99. What is the hundreds digit of n(21)?
4
Let t(m) = 79*m - 106. Let h be t(3). Suppose -4*u = -5*g + 139 + h, 5*u + 54 = g. What is the tens digit of g?
5
What is the tens digit of (295*4 - -2)*2849/231?
7
Let o(q) = 26*q + 40. Let j(g) = 25*g + 40. Let c(a) = 2*j(a) - 3*o(a). What is the tens digit of c(-5)?
0
Let t be (-66)/495 + (-18906)/(-45). Suppose -t = -16*b + 4*b. What is the units digit of b?
5
Let t(w) = 2016*w**2 + 106*w + 9. What is the thousands digit of t(-2)?
7
Suppose 2*i + 6930 = 17*i. Let v = -281 + i. What is the tens digit of v?
8
Let r = 9 + -4. Suppo